 highest common factor of m and 17?
17
Suppose -305*p + 5136 = -91*p. Calculate the greatest common divisor of p and 764.
4
Let m(n) be the third derivative of -n**5/60 + 25*n**3/2 - 150*n**2. Let y be m(0). What is the greatest common factor of 25 and y?
25
Suppose 5*c - 3*f = 194, 3*f + 23 = -2*c + 88. Let s(t) = -t**2 - t + 4. Let w be s(0). Let k = c + w. Calculate the highest common factor of k and 41.
41
Suppose -h + 2*h = 44. Let d(t) = 221*t - 23201. Let y be d(105). What is the highest common divisor of y and h?
4
Let p(n) = 22*n**2 + 32*n - 32. Let y be p(1). Suppose 4*l - 158 - y = 0. Suppose -3*w + 58 = 4. Calculate the highest common divisor of w and l.
9
Let x = 139 + -137. Suppose 0 = t - x - 5. Calculate the highest common divisor of 49 and t.
7
Let o(r) = 18*r - 204. Suppose -3*p = 12, 4*l - 3*p = 3*l + 34. Let z be o(l). Calculate the greatest common divisor of 24 and z.
24
Let j be 24 - (2 - 1 - 0). Let p = -69 - 115. Let b be p/((-2)/(2 - 0)). What is the highest common divisor of b and j?
23
Let h be (1 - -4) + -9 - -6. Suppose -4*u = -4*x + 76, h*x - 5*u + 14 - 67 = 0. Calculate the greatest common factor of 98 and x.
14
Let o = -228 - -236. Suppose 462 = o*v - 18. What is the highest common factor of v and 120?
60
Let l(o) = 2*o**2 - 11*o + 41. Let g be l(12). Suppose -6*z + 9*z = a - g, a = -2*z + 182. What is the highest common factor of 47 and a?
47
Let j = 912 + -624. Suppose 91*i - 83*i = j. What is the greatest common divisor of i and 9?
9
Let p = 270 - 268. Suppose -5*o = 3*m - 46, p*o - 1 = 3*m + 9. What is the highest common divisor of 104 and o?
8
Let f be (-69)/12 + 5 + ((-5192)/32)/(-11). Calculate the greatest common factor of f and 8589.
7
Let u be (-5)/(30/(-4)) + 20/(-30). Suppose -2*p + 83 = -u*i + 3*i, -4*p - 84 = -4*i. What is the greatest common divisor of i and 225?
25
Let p = 31 + -16. Let t = 725 - 380. Calculate the greatest common divisor of t and p.
15
Let t(r) = -4*r**3 + 4*r**2 - 2*r + 182. Let m be t(0). Let z(u) = 6*u**2 + u - 1. Let g be z(3). What is the greatest common divisor of m and g?
14
Let y(f) = 5*f**2 - 11*f + 15. Let r be y(10). Suppose 36*z - 5*i = 32*z + 85, 0 = -2*z - 5*i + 5. What is the greatest common factor of r and z?
15
Let m be -2*(91/13 + -6) - -20. Suppose 3*y = 205 + 11. What is the highest common divisor of m and y?
18
Let o be (-19)/(57/18) - -5. Let v(g) = -43*g**3 - 2*g**2 - 2*g - 1. Let t be v(o). Let d = 29 - 15. What is the highest common divisor of d and t?
14
Let f(z) = 3*z - 4. Let b be 21/(-2)*44/(-66). Let v be f(b). Suppose v = 2*s - 5. What is the highest common divisor of 121 and s?
11
Let a be 238/34*(15/5 - -24). What is the greatest common factor of 42 and a?
21
Suppose 0 = o - 5*d - 24, 2*d + 264 = 5*o + d. Calculate the greatest common factor of o and 32.
2
Suppose -1 = -6*m - 13. Let q be 4*456/(-128)*(m + -2). Calculate the highest common factor of q and 190.
19
Let w = -15 + -40. Let y be (-99)/w*20/6. Let f be y + -9 - (-62 - 1). Calculate the highest common divisor of f and 24.
12
Suppose 4*g = -30*g - 612. Let j be ((-27)/g*14)/(2/24). Calculate the greatest common divisor of j and 168.
84
Let b(x) = -x**3 + 24*x**2 - 25*x + 64. Let j be b(23). Let n be (j/(-4) - -2)*(-390)/75. Calculate the greatest common factor of 351 and n.
13
Let v(g) = 4*g**3 - 43*g**2 + 17*g - 98. Let t be v(11). Calculate the highest common factor of t and 810.
30
Let q(d) = -d**3 - 11*d**2 + 3*d + 40. Let k be q(-11). Let n = 133 + k. Calculate the highest common divisor of n and 60.
20
Let x(m) = m**3 + 5*m**2 - 2*m + 3. Let v be x(-5). Suppose -2*g + 156*f = 153*f - 954, -12 = 2*f. What is the highest common divisor of g and v?
13
Let v = -1 - -51. Let a be (-4*300)/(-5) - -10. Calculate the highest common factor of a and v.
50
Let h be (-9)/(-6)*(4 + -2). Suppose -3*b - h*g + 171 + 15 = 0, b - 52 = g. Let r = -40 + b. Calculate the greatest common divisor of 85 and r.
17
Let z = -23 - -18. Let o be ((-1)/(-1) + 245/(-25))*z. Let u = o - 18. Calculate the highest common divisor of u and 65.
13
Suppose 2 = -2*u, -4*u - 5 = -n - 0*u. Suppose 9*g + 64 = 127. What is the highest common divisor of g and n?
1
Let m(a) = a**3 - 8*a**2 - 6*a + 1. Let v be m(9). Let p be (1 - 0)/((-1)/(-4)). Let i be -7*(1 + (-12)/p). What is the greatest common factor of i and v?
14
Suppose 0 = -a - 4*h + 18, -18 = -5*h - 3. Let t(y) = y**2 + y. Let k be t(a). What is the highest common factor of 546 and k?
42
Let v(z) = 6*z - 2. Let x be v(2). Let j = 197 + -102. Suppose 5*c = n - j, -c - 3*c = 2*n - 120. Calculate the greatest common factor of x and n.
10
Suppose -2*p - p - 444 = -5*o, p - 171 = -2*o. Let f be o/12 + -7 + 93/(-4). Let j = f + 128. What is the highest common divisor of 42 and j?
21
Suppose 0 = 6*v - 578 - 154. Suppose -q - q = v. Let l = q + 63. What is the greatest common factor of l and 3?
1
Let h = -198 - -838. Suppose -48 = h*u - 642*u. Calculate the highest common divisor of u and 336.
24
Let l = 51 - -8. Let h = 51947 + -51888. What is the greatest common factor of h and l?
59
Let q be (0 - -2)*(-5 + 7). Suppose x + 4 = q*t, -2*x - 2*x + 3*t - 16 = 0. Let b be (-242)/x - 22/44. Calculate the greatest common factor of b and 20.
20
Suppose 4*x + 2552 = -7*x. Let d = x + 584. What is the greatest common divisor of 44 and d?
44
Let o be (-76)/(-6) - 810/486 - 2. What is the greatest common divisor of 139 and o?
1
Suppose -5*q - 5*x = -622 + 187, 3 = x. Calculate the greatest common divisor of 18018 and q.
42
Let f(h) = -h**3 - 4*h**2 - 5*h + 3. Let y be f(-3). Let t be ((-142)/(-6))/(3*1/y). Let l = 139 - t. Calculate the highest common divisor of l and 102.
34
Let l be 4 + -12 - -112 - 8. Let f be l/(-28)*(-49)/2. Calculate the highest common factor of f and 36.
12
Suppose -2 = -2*o - 5*x, 4*o - x = x + 4. Suppose 538 - 713 = -25*i. What is the greatest common factor of o and i?
1
Let u be (66/24 - 4)*(4 + -28). Let b be (-138)/(4/(-12)*3). Let f = b - 63. Calculate the highest common factor of u and f.
15
Suppose 2*z = z + 2*v - 8, 2*z = 5*v - 21. Let x be (-1 + 0 + z)*-16. Let m be (-74)/(-4) + (-4)/x*6. Calculate the greatest common divisor of m and 40.
20
Let a(w) = w**2 - 25*w + 35. Let x be a(10). Let q be ((-207)/x)/((9/(-150))/(-1)). Calculate the greatest common divisor of q and 75.
15
Suppose -4*a + 3*x - 242 + 949 = 0, -5 = 5*x. Calculate the greatest common divisor of a and 22.
22
Let o(f) = f**2 + 3*f - 2. Let u be o(2). What is the highest common divisor of 44 and u?
4
Let s be (-2 - -2 - 0) + (-84)/(-6). Let l(k) = -12*k - 104. Let z be l(-9). Suppose 0 = s*b + z*b - 900. What is the highest common factor of b and 125?
25
Let g = 1 - -8. Suppose g = 3*y, -3*c - y = -8 - 4. Suppose 4*w - 2*q = 30, w - q - 4 = c. Calculate the highest common factor of 88 and w.
8
Let h = 72 + -68. Let g be -2 - (-2 + h) - (104 + 2). Let n = g + 185. What is the greatest common divisor of 15 and n?
15
Let c(d) = -3*d**3 - 3*d**2 + 7*d + 12. Let q be c(-4). Calculate the greatest common factor of 4064 and q.
32
Suppose -3*o + 26 - 14 = 0. Suppose -o*f + 67 = -53. Calculate the highest common divisor of f and 18.
6
Suppose 3 = p - 0*p. Suppose -3*g - 26 = -5*n - 221, -n - 207 = -p*g. Let h be (-8)/2*5/20 - -176. What is the greatest common factor of h and g?
35
Suppose -3*o - 4*f - 29 + 167 = 0, 5*o - f - 230 = 0. Let n = -35 + o. Let l = -7 + n. Calculate the highest common factor of 10 and l.
2
Let h = 129 + 31. Let n be (-2)/6 + (-13)/((-156)/h). Let v(s) = s**3 + 9*s**2 + 4*s - 5. Let y be v(-7). Calculate the greatest common factor of y and n.
13
Suppose -13*l = l - 28. Suppose -q - k + 108 = 4*q, 5*q - 99 = l*k. Suppose -j - 168 = -2*j. Calculate the highest common factor of q and j.
21
Suppose -130*q + 40652 = 4169 - 8237. Suppose 2*x = -5*z + 209, 3*z = 2*z - x + 40. Calculate the greatest common factor of q and z.
43
Let o(w) = 14*w + 233. Let d be o(-7). Let b = -32 - -221. What is the highest common factor of d and b?
27
Suppose b - 509 = -3*u + 104, 0 = -3*u - 4*b + 616. Let l be u/(-16)*(20 - 32). Calculate the highest common factor of l and 9.
9
Suppose 3*p - 5*p + 4 = 0. Let t(g) = -32*g + 42*g + 8 - p + 6*g**2 + 1. Let f be t(-4). Calculate the greatest 